t common factor of 321288 and 440.
88
What is the greatest common divisor of 14400 and 78941700?
900
Calculate the highest common factor of 460229 and 84651.
973
Calculate the highest common factor of 501 and 19873.
167
What is the greatest common factor of 3184 and 2970192?
16
What is the greatest common factor of 101229 and 5535?
123
Calculate the highest common factor of 2754148 and 964.
964
Calculate the highest common divisor of 175681737 and 297.
297
What is the greatest common divisor of 3474 and 16569?
9
What is the greatest common divisor of 86493 and 20427?
33
What is the greatest common divisor of 1437495 and 2820?
705
Calculate the highest common divisor of 9428 and 720.
4
Calculate the highest common factor of 576 and 23939568.
144
Calculate the greatest common divisor of 242080 and 17952.
544
Calculate the greatest common factor of 29166275 and 1010.
505
Calculate the highest common divisor of 8635050 and 738.
18
Calculate the greatest common divisor of 82732 and 140981692.
6364
What is the highest common divisor of 20480 and 2741632?
128
What is the greatest common factor of 42061980 and 150?
30
What is the greatest common divisor of 138232046 and 16664?
4166
What is the greatest common divisor of 70549265 and 1490?
745
What is the greatest common factor of 2160 and 510905?
5
Calculate the highest common divisor of 273110 and 131440.
310
Calculate the greatest common factor of 454396 and 14476.
188
Calculate the greatest common divisor of 4525248 and 1536.
192
Calculate the highest common divisor of 49750747 and 13688.
1711
What is the highest common factor of 171296 and 38620?
4
What is the highest common factor of 9218 and 17013914?
838
What is the greatest common divisor of 13537904 and 7552?
944
What is the highest common divisor of 108 and 767880720?
36
Calculate the greatest common divisor of 22228 and 10676.
4
What is the highest common factor of 235 and 12293320?
235
Calculate the highest common factor of 775653624 and 7556.
7556
What is the highest common divisor of 30372 and 309?
3
Calculate the highest common divisor of 11574918 and 2070.
18
What is the highest common factor of 7 and 22460641?
7
Calculate the greatest common factor of 4762872 and 92628.
2988
What is the greatest common divisor of 39772377 and 7212?
1803
What is the greatest common divisor of 210035298 and 6504?
1626
Calculate the highest common factor of 7759147 and 3498.
583
Calculate the highest common factor of 10235 and 6169658.
2047
Calculate the highest common divisor of 5 and 2850765.
5
What is the greatest common factor of 350720 and 288?
32
What is the highest common divisor of 7475 and 8228480?
1495
Calculate the highest common factor of 1258 and 89495452.
74
Calculate the highest common factor of 56 and 9301984.
8
What is the greatest common factor of 18 and 373201998?
6
Calculate the greatest common divisor of 11235722 and 20647.
1877
Calculate the highest common divisor of 12187 and 2471.
7
What is the highest common factor of 44472681 and 198?
99
What is the highest common factor of 14311431 and 18?
9
Calculate the greatest common factor of 13878671 and 7077.
337
What is the highest common divisor of 170 and 259979402?
34
Calculate the greatest common factor of 6344748 and 54.
18
What is the greatest common factor of 35138498 and 11541?
3847
Calculate the highest common factor of 4132984590 and 145.
145
What is the highest common factor of 31832802 and 3330?
666
What is the greatest common divisor of 568330 and 1150?
230
What is the highest common divisor of 162074 and 59042?
106
Calculate the greatest common factor of 245276 and 884.
68
Calculate the greatest common factor of 28444073 and 43925.
1757
Calculate the highest common divisor of 10338471 and 1485.
99
Calculate the highest common factor of 1435 and 1181702.
41
What is the greatest common factor of 3940 and 2551938?
394
What is the greatest common divisor of 531880 and 800?
40
Calculate the highest common factor of 5261820 and 660.
60
What is the highest common factor of 23478 and 7602270?
78
What is the greatest common divisor of 450 and 2243400?
150
What is the highest common divisor of 4450817 and 343?
49
What is the highest common divisor of 1189 and 8126003?
29
What is the greatest common divisor of 10870 and 33230?
10
What is the greatest common factor of 1105120 and 192?
32
Calculate the greatest common divisor of 72178 and 135991.
239
What is the greatest common divisor of 8870441 and 129821?
991
Calculate the highest common divisor of 848 and 176944.
16
Calculate the greatest common divisor of 5357488 and 1360.
16
What is the greatest common factor of 15000482 and 4263?
203
What is the greatest common divisor of 1496 and 128587932?
748
Calculate the highest common divisor of 320 and 541539280.
80
Calculate the highest common factor of 68051 and 19329.
17
Calculate the highest common factor of 218421 and 16191.
63
Calculate the greatest common divisor of 5118165 and 65403.
1521
Calculate the greatest common divisor of 4463811 and 3267.
1089
What is the highest common factor of 123606714 and 22638?
3234
What is the greatest common factor of 5044062 and 888?
222
Calculate the greatest common factor of 4750 and 40530800.
950
What is the greatest common factor of 215351870 and 20?
10
Calculate the greatest common divisor of 16211 and 7507201.
377
What is the greatest common divisor of 557468 and 86?
2
Calculate the greatest common divisor of 57 and 370592967.
57
What is the highest common factor of 39702391 and 42763?
6109
What is the greatest common divisor of 940303 and 7371?
91
What is the greatest common factor of 85045 and 249295?
365
What is the greatest common divisor of 130 and 4439960?
10
What is the greatest common divisor of 465 and 1687290?
15
Calculate the greatest common factor of 203918870 and 10.
10
Calculate the highest common divisor of 29645864 and 14224.
1016
What is the highest common divisor of 4304 and 1879696?
16
Calculate the greatest common divisor of 765762 and 101246.
1426
Calculate the greatest common divisor of 3358 and 3719054.
46
Calculate the greatest common factor of 9530289 and 45.
9
Calculate the highest common factor of 4904 and 13585306.
1226
Calculate the highest common factor of 4475 and 380875.
25
What is the greatest common divisor of 1847788 and 19475?
779
What is the highest common factor of 1065 and 1506493620?
1065
Calculate the greatest common divisor of 27932215 and 1745.
1745
Calculate the highest common factor of 1773691 and 90919.
1541
What is the greatest common divisor of 2752285110 and 131?
131
What is the highest common factor of 117137 and 37949531?
2857
What is the highest common divisor of 1393585 and 65?
5
Calculate the highest common divisor of 2241044 and 8498.
1214
What is the highest common divisor of 202080 and 18345?
15
What is the greatest common factor of 3348 and 34901226?
1674
Calculate the greatest common divisor of 1278635 and 141.
47
What is the highest common factor of 21070 and 2579355?
215
What is the greatest common factor of 90038694 and 12?
6
Calculate the greatest common divisor of 48751514 and 70.
14
Calculate the greatest common divisor of 7787616 and 32.
32
What is the greatest common factor of 4902130 and 192770?
370
What is the highest common factor of 177330 and 4777630?
2570
What is the highest common divisor of 2889 and 609027201?
2889
What is the highest common divisor of 26 and 6182033?
13
What is the greatest common divisor of 859808 and 13269408?
8864
What is the highest common divisor of 1044 and 23205384?
36
Calculate the greatest common divisor of 238568 and 550.
22
Calculate the greatest common factor of 72 and 538353.
9
What is the greatest common factor of 2712 and 1691949?
339
What is the greatest common divisor of 4161 and 17588255?
73
What is the highest common divisor of 150197190 and 4683?
669
What is the highest common divisor of 1058866 and 1107?
41
Calculate the greatest common factor of 1390425 and 12435.
15
Calculate the greatest common factor of 73429397 and 4856.
607
Calculate the highest common factor of 1915784 and 155987.
2197
What is the greatest common factor of 3055 and 167320?
235
What is the greatest common factor of 63692818 and 14?
14
What is the highe